late the greatest common divisor of d and x.
8
Let m = -1364 + 2053. What is the highest common divisor of m and 13?
13
Suppose -29*x + 630 = -15*x. What is the greatest common factor of 195 and x?
15
Let j = 30 + -21. Let s = 4 + -10. Let o be (23 - (s - -2)) + 0. Calculate the greatest common factor of j and o.
9
Let l be 13 + 2 + (-6 - -6) + 4. Calculate the highest common divisor of 684 and l.
19
Let t be ((-4)/(-5))/(4/60). Let o = t - 14. Let j be o*((-6)/(-2) + -39). Calculate the highest common divisor of j and 9.
9
Suppose 5*f - 15 = 4*z + 4, 5*f - 15 = 5*z. Let c be -8*(-4 - f/(-4)). Let j = 32 + c. Calculate the highest common factor of j and 125.
25
Let b = -44 - 58. Let k = 114 - b. Suppose 3*d + 4*y = 89, -5*y + 91 = -4*d + 7*d. Calculate the highest common factor of d and k.
27
Let m(p) = p**2 + 22*p + 19. Let b be m(-19). Let y = b + 46. Calculate the highest common divisor of 56 and y.
8
Let q = 293 + -76. What is the greatest common divisor of 93 and q?
31
Suppose 0 = 15*c - 8*c - 546. Calculate the highest common factor of c and 52.
26
Suppose -2*c + c = 2*s - 3, 6 = 2*s + 4*c. Let g = 9 - s. Calculate the highest common divisor of g and 72.
8
Let s be 330/25 + (20/25 - 0). What is the highest common factor of 518 and s?
14
Let h = -85 - -95. Let y be 110/(-3)*-1*3. Calculate the highest common factor of h and y.
10
Let t be 36/45*(-70)/(-4). Let d(o) = 5*o - 35. Let b be d(t). Calculate the greatest common divisor of 280 and b.
35
Suppose 3*l - 10 = -2*l. Suppose 1 = -l*h + 17. Let s(j) = 4*j. Let v be s(5). Calculate the highest common divisor of h and v.
4
Suppose 4*z - 5*z = 4*a - 1, 2 = -2*a. Let r(f) = 3*f**2 - 8*f - 1. Let y be r(z). Calculate the highest common divisor of 306 and y.
34
Let s(c) = 2*c**2 + 22*c - 84. Let q be s(12). What is the greatest common factor of q and 18?
18
Suppose 13 + 8 = 3*h. Let j be 3*(h + 12/(-3)). Let v be (j/(-6))/((-6)/40). What is the greatest common divisor of 25 and v?
5
Let k = 95 - 92. Let f(a) = -a**3 - 3*a**2 + 5*a + 2. Let l be f(-5). Calculate the greatest common factor of l and k.
3
Let v be 53/1 + 0 + 1. Suppose -57*o - 6*o + 846 = -16*o. Calculate the greatest common factor of o and v.
18
Suppose 0 = -x - 2*l + 633, x + 4*l + 621 = 2*x. What is the highest common divisor of 51 and x?
17
Suppose r - 3 = -x, 0 = 3*x - 3*r + 4 - 25. Let q = -326 + 331. Calculate the highest common divisor of q and x.
5
Suppose 4*o = 5*x - 34, 25 = -4*o + 21. Calculate the greatest common divisor of 318 and x.
6
Suppose -i = -0*i - 2*w - 12, 0 = -4*i + w + 34. Suppose 205*l - 115 = 200*l + 5*v, 74 = 3*l + 2*v. What is the greatest common factor of i and l?
8
Suppose 2101 = 37*d - 230. Calculate the greatest common divisor of d and 861.
21
Let y be 260 - (-2 + 5 + -3). What is the highest common factor of 10 and y?
10
Suppose -3*i = -393 + 90. Let b be 26/10 + (-14)/(-35). Suppose 4*n = -2*k + 108, -59 - i = -b*k - 5*n. What is the greatest common factor of k and 10?
10
Let b be (168/15 + 2)*180/8. Calculate the highest common factor of 81 and b.
27
Let l = 1697 - 1635. Calculate the greatest common divisor of l and 1922.
62
Let a be 18/(((-1)/6)/((-22)/18)). Suppose -9 = -2*l - 5*y + 30, -4*y - 12 = -2*l. What is the greatest common divisor of l and a?
12
Let g = 0 - -9. Suppose 0 = 4*f + 1 - g. Suppose 2*j = -0*d - 2*d + 32, -j + 24 = 3*d. What is the highest common divisor of f and j?
2
Suppose x + 2*u - 15 = 3*u, 0 = x - 2*u - 15. What is the greatest common factor of x and 2?
1
Let q = 26 + 23. Suppose 0 = -4*x + 19 + q. Calculate the highest common divisor of 68 and x.
17
Let o be (4 + (-105)/25)/(1/(-75)). Suppose 13 + 17 = d. What is the highest common divisor of o and d?
15
Suppose -2*r + 5*d = 3*r - 55, r + 3*d = -5. Let q be 626/10 - (-4)/10. What is the greatest common factor of r and q?
7
Suppose 3*y + 4*j + 37 = -0*j, 4 = -j. Let v = y - -17. What is the highest common divisor of 10 and v?
10
Suppose 78 = 5*z - 2*z. Suppose -35*m + 9*m = -312. Suppose l - z = m. Calculate the greatest common divisor of l and 19.
19
Suppose r = 2, -4*t + r + 13 = -17. Calculate the greatest common factor of 56 and t.
8
Let u be (-2)/7 + 1684/14. Suppose 0 = 5*w - 14 - 56. Let s be (-3)/2 + 189/w. What is the highest common factor of u and s?
12
Let c be (-2 - (-4998)/30) + 2/5. Calculate the greatest common factor of c and 66.
33
Suppose -2*p = 3*p - 20. Let d(n) = -n**2 - 12*n + 34. Let y be d(-14). Let g be 1 + y/(-5) - 210/(-50). What is the greatest common factor of g and p?
4
Suppose 11 = f + 2. Suppose 3*a + 0 = f. What is the greatest common divisor of 3 and a?
3
Let q be -2*((-9)/6)/(-3). Let o = q - -1. Suppose 5*p + 42 - 192 = o. What is the greatest common divisor of 3 and p?
3
Let w(q) = -13*q. Let f be w(-1). Suppose 940 = s + s. Suppose -3*p = -5*g + s, 0*g = g - 4*p - 111. Calculate the highest common factor of g and f.
13
Let f = 62 + -56. Let v be 3/(f/2) - (-7 + -25). What is the highest common divisor of v and 11?
11
Let x(g) = g**3 + 6*g**2 - 30*g + 20. Let h be x(-8). Calculate the highest common divisor of 55 and h.
11
Let t(x) = 39*x**2 - 2*x + 9. Let y be t(2). Suppose -d = -0*d - 23. Calculate the highest common factor of y and d.
23
Let i(o) = 3*o + 97. Let k be i(-25). Calculate the highest common factor of k and 154.
22
Let v(s) = s**2 - 12*s + 14. Let g be v(11). Let t(n) = n. Let f be t(g). What is the highest common factor of f and 15?
3
Suppose -2*i = -i - 154. Let y(q) be the first derivative of -q**2/2 + 17*q + 19. Let d be y(-5). What is the greatest common divisor of d and i?
22
Suppose -5*b + 7 = 4*u - 17, 3*b - 12 = 0. Let l be (36/u)/((-6)/(-4)). What is the greatest common factor of l and 264?
24
Let i be 14/8 + -2 - 843/(-12). Let y be 60/(-25)*i/(-4). Calculate the greatest common factor of y and 210.
42
Let m = 74 - 72. Suppose -m*t + 577 - 107 = 0. Calculate the highest common factor of 47 and t.
47
Let m = 1833 - -1599. Suppose -6*k + m = 7*k. What is the highest common factor of k and 24?
24
Let u be 119 - -6 - (-4)/8*8. Calculate the highest common factor of u and 3.
3
Let m = -17 - -23. Suppose 2*j = 6*i - 4*i + 54, 0 = -3*j - i + 101. Let h = j + -8. Calculate the greatest common divisor of h and m.
6
Suppose 20 = 4*b - 2*n, -b - n + 8 = -0*b. Suppose b*g = 121 + 29. What is the highest common factor of g and 200?
25
Suppose 2*x - 26 = 2*z + 306, 2*x - 5*z - 335 = 0. Calculate the greatest common divisor of 99 and x.
33
Suppose -3*h - z = -11, -33 + 8 = -5*h + 5*z. Suppose 222 = -h*s + 2322. Suppose a + 6*a - s = 0. What is the greatest common factor of 15 and a?
15
Let l(j) = -j**2 - 9*j - 3. Suppose -3*r + 2*r - 7 = 0. Let p be l(r). Let g = 13 - p. What is the highest common factor of 8 and g?
2
Let d(u) = 3*u**2 + 10*u - 165. Let f be d(6). Suppose -3*p = 2*h - 1, -4*p + 2*h = -2*p - 14. Calculate the greatest common factor of f and p.
3
Let l(d) = 9*d + 1. Let f be l(4). Let x = -27 + f. Let k = 1 + 1. What is the highest common factor of x and k?
2
Suppose -78*l = -92*l + 7630. What is the highest common divisor of l and 20?
5
Let j = 44 - 42. Let l be 0/j + 152 + 10. Calculate the highest common divisor of 18 and l.
18
Let m = 11 - -4. Suppose 5*z = -m, 5*z = 4*g - 22 - 121. What is the highest common factor of 32 and g?
32
Let r be 6 - 8 - (-22)/1. Suppose 25*a = r*a + 135. Calculate the highest common divisor of a and 81.
27
Suppose -5*t - 15 = -d, 46*t - 21 = -d + 45*t. What is the highest common divisor of 316 and d?
4
Suppose 5 - 21 = -4*m, 0 = -4*l - 5*m + 24. Let n = l - -1. Suppose -3*b + n = -4. What is the greatest common divisor of 3 and b?
1
Let w(k) be the first derivative of 2*k**2 + 2*k + 14. Let o be w(2). What is the highest common divisor of o and 5?
5
Let s(o) = -5*o - 15. Let a be s(-9). Let y be -3*((-20)/8)/(2/20). What is the highest common divisor of a and y?
15
Suppose 10*m + m - 3718 = 0. What is the highest common factor of m and 26?
26
Suppose k - 4*p = 16, -4*p = -12*k + 14*k - 80. What is the greatest common factor of k and 16?
16
Let s(v) = -v**2 + 5*v + 17. Let t be s(7). Suppose -i = -t*i + 12. What is the greatest common factor of 3 and i?
3
Let u(n) = n**3 + 5*n**2 - 2*n - 12. Let t be u(-5). Let c = t 